{"id":324,"date":"2020-10-29T20:56:12","date_gmt":"2020-10-29T20:56:12","guid":{"rendered":"https:\/\/lascrucestoday.com\/lax967\/?page_id=324"},"modified":"2020-10-29T20:56:12","modified_gmt":"2020-10-29T20:56:12","slug":"reglas-del-concurso-de-estaciones","status":"publish","type":"page","link":"https:\/\/lascrucestoday.com\/lax967\/reglas-del-concurso-de-estaciones\/","title":{"rendered":"Reglas del concurso de estaciones"},"content":{"rendered":"<p>No se requiere compra.<\/p>\n<p>El concursante debe tener 18 a\u00f1os de edad para ganar, a menos que se especifique lo contrario.<\/p>\n<p>Para premios valorados por debajo de $ 600, solo un ganador por hogar en cualquier per\u00edodo de 30 d\u00edas en cualquier concurso.<\/p>\n<p>TODOS los ganadores tienen solo 30 d\u00edas a partir de la fecha en que ganaron para canjear los premios en la ubicaci\u00f3n del estudio.<\/p>\n<p>Para premios mayores con un valor superior a $ 600, usted es elegible si ning\u00fan miembro de su hogar ha ganado otro premio en exceso de $ 600 dentro del per\u00edodo de 2 a\u00f1os anterior a la fecha de la final del concurso.<\/p>\n<p>Los premios no son transferibles ni pueden sustituirse a menos que se especifique lo contrario.<\/p>\n<p>No se otorgar\u00e1n premios si el concursante no es elegible de acuerdo con estas reglas.<\/p>\n<p>Bravo Mic Radio no env\u00eda premios de mercader\u00eda. En ocasiones, los premios son enviados directamente por los patrocinadores o los certificados canjeables por premios se env\u00edan por correo a los ganadores. Los ganadores son responsables de canjear los certificados en 101 Perkins Dr.<\/p>\n<p>Muchos premios se pueden usar solo durante un cierto per\u00edodo de tiempo. No son posibles extensiones o cambios en estas condiciones.<\/p>\n<p>Bravo Mic Radio no puede reemplazar los certificados de premio o la mercanc\u00eda perdidos o robados.<\/p>\n<p>La responsabilidad de proporcionar productos o servicios que constituyan premios recae en el patrocinador. Bravo Mic Radio no ser\u00e1 responsable si los premios no est\u00e1n disponibles debido a circunstancias imprevistas fuera de nuestro control.<\/p>\n<p>Todos los impuestos son responsabilidad de los ganadores. Es posible que se solicite a los ganadores que completen un w-9 a efectos fiscales.<\/p>\n<p>Bravo Mic Radio no es responsable si por alguna raz\u00f3n los oyentes de Internet no pueden participar plenamente en cualquier concurso.<\/p>\n<p>Los empleados de Bravo Mic Communications, LLC Radio y sus propiedades, patrocinadores y sus familias inmediatas no son elegibles para ganar.<\/p>\n<p>Al participar, los ganadores aceptan liberar a Bravo Mic Radio de cualquier reclamo, p\u00e9rdida, da\u00f1o de responsabilidad o lesi\u00f3n de cualquier tipo que surja de su participaci\u00f3n o recepci\u00f3n de premios del concurso.<\/p>\n<p>Al participar, los ganadores otorgan permiso, sin compensaci\u00f3n adicional, a Bravo Mic Radio para usar su nombre, voz, fotograf\u00eda, imagen y material biogr\u00e1fico para fines de transmisi\u00f3n y \/ o promoci\u00f3n en relaci\u00f3n con el concurso.<\/p>\n<p>El ganador es responsable de todos los impuestos, t\u00edtulos y tarifas de registro.<\/p>\n<p>Bravo Mic Communications y las empresas asociadas se reservan el derecho de cambiar la promoci\u00f3n y estas reglas en cualquier momento sin notificaci\u00f3n.<\/p>\n","protected":false},"excerpt":{"rendered":"<p>No se requiere compra. El concursante debe tener 18 a\u00f1os de edad para ganar, a menos que se especifique lo contrario. Para premios valorados por debajo de $ 600, solo un ganador por hogar en cualquier per\u00edodo de 30 d\u00edas en cualquier concurso. TODOS los ganadores tienen solo 30 d\u00edas<span class=\"more-link\"><a href=\"https:\/\/lascrucestoday.com\/lax967\/reglas-del-concurso-de-estaciones\/\">Read More &rarr;<\/a><\/span><\/p>\n","protected":false},"author":2,"featured_media":19,"parent":0,"menu_order":0,"comment_status":"closed","ping_status":"closed","template":"","meta":{"footnotes":""},"yoast_head":"<!-- This site is optimized with the Yoast SEO plugin v22.1 - https:\/\/yoast.com\/wordpress\/plugins\/seo\/ -->\n<title>Reglas del concurso de estaciones - La Equis 96.7<\/title>\n<meta name=\"description\" content=\"Reglas del concurso de estaciones\" \/>\n<meta name=\"robots\" content=\"index, follow, max-snippet:-1, max-image-preview:large, max-video-preview:-1\" \/>\n<link rel=\"canonical\" href=\"https:\/\/lascrucestoday.com\/lax967\/reglas-del-concurso-de-estaciones\/\" \/>\n<meta property=\"og:locale\" content=\"es_MX\" \/>\n<meta property=\"og:type\" content=\"article\" \/>\n<meta property=\"og:title\" content=\"Reglas del concurso de estaciones - La Equis 96.7\" \/>\n<meta property=\"og:description\" content=\"Reglas del concurso de estaciones\" \/>\n<meta property=\"og:url\" content=\"https:\/\/lascrucestoday.com\/lax967\/reglas-del-concurso-de-estaciones\/\" \/>\n<meta property=\"og:site_name\" content=\"La Equis 96.7\" \/>\n<meta property=\"article:publisher\" content=\"https:\/\/www.facebook.com\/laequis92.7\" \/>\n<meta property=\"og:image\" content=\"https:\/\/lascrucestoday.com\/lax967\/wp-content\/uploads\/sites\/5\/2020\/01\/lax-png-.png\" \/>\n\t<meta property=\"og:image:width\" content=\"960\" \/>\n\t<meta property=\"og:image:height\" content=\"960\" \/>\n\t<meta property=\"og:image:type\" content=\"image\/png\" \/>\n<meta name=\"twitter:card\" content=\"summary_large_image\" \/>\n<meta name=\"twitter:label1\" content=\"Tiempo de lectura\" \/>\n\t<meta name=\"twitter:data1\" content=\"2 minutos\" \/>\n<script type=\"application\/ld+json\" class=\"yoast-schema-graph\">{\"@context\":\"https:\/\/schema.org\",\"@graph\":[{\"@type\":\"WebPage\",\"@id\":\"https:\/\/lascrucestoday.com\/lax967\/reglas-del-concurso-de-estaciones\/\",\"url\":\"https:\/\/lascrucestoday.com\/lax967\/reglas-del-concurso-de-estaciones\/\",\"name\":\"Reglas del concurso de estaciones - La Equis 96.7\",\"isPartOf\":{\"@id\":\"https:\/\/lascrucestoday.com\/lax967\/#website\"},\"datePublished\":\"2020-10-29T20:56:12+00:00\",\"dateModified\":\"2020-10-29T20:56:12+00:00\",\"description\":\"Reglas del concurso de estaciones\",\"breadcrumb\":{\"@id\":\"https:\/\/lascrucestoday.com\/lax967\/reglas-del-concurso-de-estaciones\/#breadcrumb\"},\"inLanguage\":\"es-MX\",\"potentialAction\":[{\"@type\":\"ReadAction\",\"target\":[\"https:\/\/lascrucestoday.com\/lax967\/reglas-del-concurso-de-estaciones\/\"]}]},{\"@type\":\"BreadcrumbList\",\"@id\":\"https:\/\/lascrucestoday.com\/lax967\/reglas-del-concurso-de-estaciones\/#breadcrumb\",\"itemListElement\":[{\"@type\":\"ListItem\",\"position\":1,\"name\":\"Home\",\"item\":\"https:\/\/lascrucestoday.com\/lax967\/\"},{\"@type\":\"ListItem\",\"position\":2,\"name\":\"Reglas del concurso de estaciones\"}]},{\"@type\":\"WebSite\",\"@id\":\"https:\/\/lascrucestoday.com\/lax967\/#website\",\"url\":\"https:\/\/lascrucestoday.com\/lax967\/\",\"name\":\"La Equis 96.7\",\"description\":\"De Las Cruces, Para Las Cruces\",\"publisher\":{\"@id\":\"https:\/\/lascrucestoday.com\/lax967\/#organization\"},\"potentialAction\":[{\"@type\":\"SearchAction\",\"target\":{\"@type\":\"EntryPoint\",\"urlTemplate\":\"https:\/\/lascrucestoday.com\/lax967\/?s={search_term_string}\"},\"query-input\":\"required name=search_term_string\"}],\"inLanguage\":\"es-MX\"},{\"@type\":\"Organization\",\"@id\":\"https:\/\/lascrucestoday.com\/lax967\/#organization\",\"name\":\"La Equis 92.7\",\"url\":\"https:\/\/lascrucestoday.com\/lax967\/\",\"logo\":{\"@type\":\"ImageObject\",\"inLanguage\":\"es-MX\",\"@id\":\"https:\/\/lascrucestoday.com\/lax967\/#\/schema\/logo\/image\/\",\"url\":\"https:\/\/lascrucestoday.com\/lax967\/wp-content\/uploads\/sites\/5\/2020\/01\/69552126_690263988157620_6841055056171630592_n.png\",\"contentUrl\":\"https:\/\/lascrucestoday.com\/lax967\/wp-content\/uploads\/sites\/5\/2020\/01\/69552126_690263988157620_6841055056171630592_n.png\",\"width\":960,\"height\":960,\"caption\":\"La Equis 92.7\"},\"image\":{\"@id\":\"https:\/\/lascrucestoday.com\/lax967\/#\/schema\/logo\/image\/\"},\"sameAs\":[\"https:\/\/www.facebook.com\/laequis92.7\"]}]}<\/script>\n<!-- \/ Yoast SEO plugin. -->","yoast_head_json":{"title":"Reglas del concurso de estaciones - La Equis 96.7","description":"Reglas del concurso de estaciones","robots":{"index":"index","follow":"follow","max-snippet":"max-snippet:-1","max-image-preview":"max-image-preview:large","max-video-preview":"max-video-preview:-1"},"canonical":"https:\/\/lascrucestoday.com\/lax967\/reglas-del-concurso-de-estaciones\/","og_locale":"es_MX","og_type":"article","og_title":"Reglas del concurso de estaciones - La Equis 96.7","og_description":"Reglas del concurso de estaciones","og_url":"https:\/\/lascrucestoday.com\/lax967\/reglas-del-concurso-de-estaciones\/","og_site_name":"La Equis 96.7","article_publisher":"https:\/\/www.facebook.com\/laequis92.7","og_image":[{"width":960,"height":960,"url":"https:\/\/lascrucestoday.com\/lax967\/wp-content\/uploads\/sites\/5\/2020\/01\/lax-png-.png","type":"image\/png"}],"twitter_card":"summary_large_image","twitter_misc":{"Tiempo de lectura":"2 minutos"},"schema":{"@context":"https:\/\/schema.org","@graph":[{"@type":"WebPage","@id":"https:\/\/lascrucestoday.com\/lax967\/reglas-del-concurso-de-estaciones\/","url":"https:\/\/lascrucestoday.com\/lax967\/reglas-del-concurso-de-estaciones\/","name":"Reglas del concurso de estaciones - La Equis 96.7","isPartOf":{"@id":"https:\/\/lascrucestoday.com\/lax967\/#website"},"datePublished":"2020-10-29T20:56:12+00:00","dateModified":"2020-10-29T20:56:12+00:00","description":"Reglas del concurso de estaciones","breadcrumb":{"@id":"https:\/\/lascrucestoday.com\/lax967\/reglas-del-concurso-de-estaciones\/#breadcrumb"},"inLanguage":"es-MX","potentialAction":[{"@type":"ReadAction","target":["https:\/\/lascrucestoday.com\/lax967\/reglas-del-concurso-de-estaciones\/"]}]},{"@type":"BreadcrumbList","@id":"https:\/\/lascrucestoday.com\/lax967\/reglas-del-concurso-de-estaciones\/#breadcrumb","itemListElement":[{"@type":"ListItem","position":1,"name":"Home","item":"https:\/\/lascrucestoday.com\/lax967\/"},{"@type":"ListItem","position":2,"name":"Reglas del concurso de estaciones"}]},{"@type":"WebSite","@id":"https:\/\/lascrucestoday.com\/lax967\/#website","url":"https:\/\/lascrucestoday.com\/lax967\/","name":"La Equis 96.7","description":"De Las Cruces, Para Las Cruces","publisher":{"@id":"https:\/\/lascrucestoday.com\/lax967\/#organization"},"potentialAction":[{"@type":"SearchAction","target":{"@type":"EntryPoint","urlTemplate":"https:\/\/lascrucestoday.com\/lax967\/?s={search_term_string}"},"query-input":"required name=search_term_string"}],"inLanguage":"es-MX"},{"@type":"Organization","@id":"https:\/\/lascrucestoday.com\/lax967\/#organization","name":"La Equis 92.7","url":"https:\/\/lascrucestoday.com\/lax967\/","logo":{"@type":"ImageObject","inLanguage":"es-MX","@id":"https:\/\/lascrucestoday.com\/lax967\/#\/schema\/logo\/image\/","url":"https:\/\/lascrucestoday.com\/lax967\/wp-content\/uploads\/sites\/5\/2020\/01\/69552126_690263988157620_6841055056171630592_n.png","contentUrl":"https:\/\/lascrucestoday.com\/lax967\/wp-content\/uploads\/sites\/5\/2020\/01\/69552126_690263988157620_6841055056171630592_n.png","width":960,"height":960,"caption":"La Equis 92.7"},"image":{"@id":"https:\/\/lascrucestoday.com\/lax967\/#\/schema\/logo\/image\/"},"sameAs":["https:\/\/www.facebook.com\/laequis92.7"]}]}},"_links":{"self":[{"href":"https:\/\/lascrucestoday.com\/lax967\/wp-json\/wp\/v2\/pages\/324"}],"collection":[{"href":"https:\/\/lascrucestoday.com\/lax967\/wp-json\/wp\/v2\/pages"}],"about":[{"href":"https:\/\/lascrucestoday.com\/lax967\/wp-json\/wp\/v2\/types\/page"}],"author":[{"embeddable":true,"href":"https:\/\/lascrucestoday.com\/lax967\/wp-json\/wp\/v2\/users\/2"}],"replies":[{"embeddable":true,"href":"https:\/\/lascrucestoday.com\/lax967\/wp-json\/wp\/v2\/comments?post=324"}],"version-history":[{"count":1,"href":"https:\/\/lascrucestoday.com\/lax967\/wp-json\/wp\/v2\/pages\/324\/revisions"}],"predecessor-version":[{"id":325,"href":"https:\/\/lascrucestoday.com\/lax967\/wp-json\/wp\/v2\/pages\/324\/revisions\/325"}],"wp:featuredmedia":[{"embeddable":true,"href":"https:\/\/lascrucestoday.com\/lax967\/wp-json\/wp\/v2\/media\/19"}],"wp:attachment":[{"href":"https:\/\/lascrucestoday.com\/lax967\/wp-json\/wp\/v2\/media?parent=324"}],"curies":[{"name":"wp","href":"https:\/\/api.w.org\/{rel}","templated":true}]}}